{"id":72,"date":"2022-01-30T22:16:58","date_gmt":"2022-01-30T22:16:58","guid":{"rendered":"http:\/\/k6x.ae4.mywebsitetransfer.com\/?page_id=72"},"modified":"2026-02-26T13:11:39","modified_gmt":"2026-02-26T21:11:39","slug":"politicas-de-garantia","status":"publish","type":"page","link":"https:\/\/greemexico.mx\/dev-builder\/politicas-de-garantia\/","title":{"rendered":"Pol\u00edticas de garant\u00eda"},"content":{"rendered":"<div class='breakdance'><section class=\"bde-section-72-100 bde-section\">\n  \n\t\n\n\n\n<div class=\"section-container\"><h4 class=\"bde-heading-72-101 bde-heading\">\nPOL\u00cdTICAS DE GARANT\u00cdA\n<\/h4><\/div>\n<\/section><section class=\"bde-section-72-103 bde-section\">\n  \n\t\n\n\n\n<div class=\"section-container\"><div class=\"bde-columns-72-104 bde-columns\"><div class=\"bde-column-72-105 bde-column\">\n  \n\t\n\n\n\n<div class=\"bde-rich-text-72-107 bde-rich-text breakdance-rich-text-styles\">\n<div id=\"texto_garantia\" class=\"vc_row wpb_row vc_row-fluid container\">\n<div class=\"wpb_animate_when_almost_visible wpb_fadeIn fadeIn wpb_column vc_column_container vc_col-sm-12 wpb_start_animation animated\">\n<div class=\"vc_column-inner \">\n<div class=\"wpb_wrapper\">\n<div class=\"wpb_text_column wpb_content_element \">\n<div class=\"wpb_wrapper\">\n<p><span style=\"font-weight: 400;\">El servicio de garant\u00eda solo podr\u00e1 ser efectuado por nuestros Centros de Servicio y\/o T\u00e9cnicos Autorizados, siempre y cuando los productos <\/span><b>GREE, UA o UA HVAC SYSTEMS<\/b><span style=\"font-weight: 400;\"> hayan sido comercializados por <\/span><b>Dragon Trade de M\u00e9xico S.A. de C.V.<\/b><span style=\"font-weight: 400;\"> o sus Distribuidores Autorizados dentro de la Rep\u00fablica Mexicana, <\/span><b>y bajo la condici\u00f3n de que la instalaci\u00f3n original haya sido realizada exclusivamente por dicho personal autorizado.<\/b><\/p>\n<h5><span style=\"color: #0033a1;\">CENTROS DE SERVICIOS AUTORIZADOS (CSA)<\/span><\/h5>\n<p><span style=\"font-weight: 400;\">La direcci\u00f3n del Centro de Servicio Autorizado m\u00e1s cercano a usted puede ser consultada al 800 788 4040 y en la p\u00e1gina https:\/\/greemexico.mx\/donde-comprar.<\/span><\/p>\n<h5><span style=\"color: #0033a1;\">CONDICIONES<\/span><\/h5>\n<p>1.<span style=\"font-weight: 400;\">Los plazos de garant\u00eda son: 3 meses en componentes electr\u00f3nicos, 1 a\u00f1o en partes y hasta 10 a\u00f1os en compresor si se cumple con los requisitos.<\/span><\/p>\n<p>2. Todo equipo debe ser instalado por\u00a0<strong>personal capacitado<\/strong>.<\/p>\n<p>3. <span style=\"font-weight: 400;\">Para solicitar la garant\u00eda de su equipo deber\u00e1 presentar comprobante de compra, ya sea, factura, nota de venta, ticket, etc. As\u00ed como llenar el formulario proporcionado por el \u00e1rea de garant\u00edas, este departamento se comunicar\u00e1 para la asignaci\u00f3n de un folio y pronta soluci\u00f3n a su caso. Para dudas o aclaraciones puede contactar al n\u00famero <strong>800 788 4040<\/strong> o al<strong> 664 500 3589<\/strong>.<\/span><\/p>\n<p>4. <span style=\"font-weight: 400;\">Para hacer validos los 10 a\u00f1os de garant\u00edas el consumidor final, deber\u00e1 registrar el producto en la p\u00e1gina https:\/\/greemexico.mx\/registro-de-equipo en los primeros 30 d\u00edas de compra, contar con la factura y comprobante del mantenimiento anual m\u00ednimo hecho por uno de nuestros centros de servicios y\/o t\u00e9cnicos autorizados.<\/span><\/p>\n<p>5. <span style=\"font-weight: 400;\">Durante la vigencia de esta garant\u00eda, Dragon Trade de M\u00e9xico S.A. de C.V. se compromete a entregar las refacciones necesarias para reparar\u00a0 el equipo, cuando el producto presente falla imputable a la fabricaci\u00f3n de este, la evidencia solicitada por \u00e9l \u00e1rea de garant\u00edas es necesaria para determinar la falla, si la garant\u00eda aplica Dragon Trade de M\u00e9xico S.A. de C.V. realizar\u00e1 \u00e9l envi\u00f3 de las piezas y\/o componentes que se llegaran a requerir por parte del reparador, sin ning\u00fan cargo para el consumidor final.<\/span><\/p>\n<p>6. <span style=\"font-weight: 400;\">Las refacciones y partes requeridas para el cumplimiento de la garant\u00eda no tendr\u00e1n ning\u00fan costo para el consumidor, siempre y cuando se encuentre dentro del periodo de vigencia como lo indica en la p\u00f3liza y el aparato haya sido correctamente instalado por los centros de servicio y\/o t\u00e9cnicos autorizados.<\/span><\/p>\n<p>7. <span style=\"font-weight: 400;\">Para poder liberar una refacci\u00f3n es necesario contar con la evidencia de la falla, misma que ser\u00e1 recabada con una orden de servicio y reporte del centro <\/span><span style=\"font-weight: 400;\">o t\u00e9cnico que contrat\u00f3 para su instalaci\u00f3n.<\/span><\/p>\n<p>8. <span style=\"font-weight: 400;\">El tiempo de reparaci\u00f3n en ning\u00fan caso ser\u00e1 mayor de 30 d\u00edas h\u00e1biles a partir de la fecha de recepci\u00f3n del diagn\u00f3stico del t\u00e9cnico con firma de aceptaci\u00f3n del consumidor final.<\/span><\/p>\n<p>9. <span style=\"font-weight: 400;\">Esta garant\u00eda no incluye instalaci\u00f3n ni mantenimiento del equipo, estos servicios deber\u00e1n ser solicitados a nuestros centros de servicios autorizados por el consumidor final y los costos que se devengan ser\u00e1n cubiertos por el mismo consumidor.<\/span><\/p>\n<p>10. <span style=\"font-weight: 400;\">Esta garant\u00eda no cubre da\u00f1os causados por fen\u00f3menos climatol\u00f3gicos o reparaciones necesarias a consecuencias de fallas en la instalaci\u00f3n, por lo que se recomienda el uso de nuestros centros de servicio autorizados, los cuales son t\u00e9cnicos calificados.<\/span><\/p>\n<h5><span style=\"color: #0033a1;\">NO ES V\u00c1LIDA EN LOS SIGUIENTES CASOS<\/span><\/h5>\n<p>1. Cuando el equipo ha sido alterado o cambiado de ubicaci\u00f3n por personal no autorizado por Dragon Trade de M\u00e9xico, S.A. de C.V.<br \/>2. Cuando el uso, cuidado y operaci\u00f3n del producto no haya sido de acuerdo con las instrucciones contenidas en el manual de operaciones.<br \/>3. Cuando el producto haya sido usado fuera de su capacidad, maltratado, golpeado, da\u00f1ada por alg\u00fan l\u00edquido o substancia corrosiva, as\u00ed como por cualquiera otra falla atribuible al consumidor.<br \/>4. Cuando el equipo no haya sido registrado en la pagina https:\/\/greemexico.mx\/registrar-producto\/<br \/>5. Cuando la unidad no reciba el mantenimiento requerido, por lo menos una vez al a\u00f1o.<br \/>6. Cuando el equipo se hubiese utilizado en condiciones distintas a las normales.<br \/>7. Las que se marquen dentro de la p\u00f3liza de garant\u00eda.<\/p>\n<\/div>\n<\/div>\n<\/div>\n<\/div>\n<\/div>\n<\/div>\n<\/div>\n<\/div><\/div><\/div>\n<\/section><section class=\"bde-section-72-108 bde-section\">\n  \n\t\n\n\n\n<div class=\"section-container\"><div class=\"bde-columns-72-109 bde-columns\"><div class=\"bde-column-72-110 bde-column\">\n  \n\t\n\n\n\n<div class=\"bde-div-72-119 bde-div\">\n              \n  \n\t\n\n\n\n<div class=\"bde-image-72-118 bde-image\">\n<figure class=\"breakdance-image breakdance-image--466\">\n\t<div class=\"breakdance-image-container\">\n\t\t<div class=\"breakdance-image-clip\"><img loading=\"lazy\" decoding=\"async\" class=\"breakdance-image-object\" src=\"https:\/\/greemexico.mx\/dev-builder\/wp-content\/uploads\/2022\/02\/img-soportetecnico-1.png\" width=\"340\" height=\"734\" srcset=\"https:\/\/greemexico.mx\/dev-builder\/wp-content\/uploads\/2022\/02\/img-soportetecnico-1.png 340w, https:\/\/greemexico.mx\/dev-builder\/wp-content\/uploads\/2022\/02\/img-soportetecnico-1-139x300.png 139w\" sizes=\"(max-width: 340px) 100vw, 340px\"><\/div>\n\t<\/div><\/figure>\n\n<\/div>\n<\/div>\n<\/div><div class=\"bde-column-72-111 bde-column\">\n  \n\t\n\n\n\n<div class=\"bde-image-72-112 bde-image\">\n<figure class=\"breakdance-image breakdance-image--1871\">\n\t<div class=\"breakdance-image-container\">\n\t\t<div class=\"breakdance-image-clip\"><img loading=\"lazy\" decoding=\"async\" class=\"breakdance-image-object\" src=\"https:\/\/greemexico.mx\/dev-builder\/wp-content\/uploads\/iconos_beneficios_garantia.png\" width=\"1084\" height=\"1209\" srcset=\"https:\/\/greemexico.mx\/dev-builder\/wp-content\/uploads\/iconos_beneficios_garantia.png 1084w, https:\/\/greemexico.mx\/dev-builder\/wp-content\/uploads\/iconos_beneficios_garantia-269x300.png 269w, https:\/\/greemexico.mx\/dev-builder\/wp-content\/uploads\/iconos_beneficios_garantia-918x1024.png 918w, https:\/\/greemexico.mx\/dev-builder\/wp-content\/uploads\/iconos_beneficios_garantia-134x150.png 134w, https:\/\/greemexico.mx\/dev-builder\/wp-content\/uploads\/iconos_beneficios_garantia-768x857.png 768w, https:\/\/greemexico.mx\/dev-builder\/wp-content\/uploads\/iconos_beneficios_garantia-300x335.png 300w, https:\/\/greemexico.mx\/dev-builder\/wp-content\/uploads\/iconos_beneficios_garantia-600x669.png 600w\" sizes=\"(max-width: 1084px) 100vw, 1084px\"><\/div>\n\t<\/div><\/figure>\n\n<\/div><div class=\"bde-image-72-117 bde-image\">\n<figure class=\"breakdance-image breakdance-image--3037\">\n\t<div class=\"breakdance-image-container\">\n\t\t<div class=\"breakdance-image-clip\"><img loading=\"lazy\" decoding=\"async\" class=\"breakdance-image-object\" src=\"https:\/\/greemexico.mx\/dev-builder\/wp-content\/uploads\/Screenshot-2024-04-02-at-7.21.22\u202fPM.png\" width=\"706\" height=\"216\" srcset=\"https:\/\/greemexico.mx\/dev-builder\/wp-content\/uploads\/Screenshot-2024-04-02-at-7.21.22\u202fPM.png 706w, https:\/\/greemexico.mx\/dev-builder\/wp-content\/uploads\/Screenshot-2024-04-02-at-7.21.22\u202fPM-300x92.png 300w, https:\/\/greemexico.mx\/dev-builder\/wp-content\/uploads\/Screenshot-2024-04-02-at-7.21.22\u202fPM-150x46.png 150w, https:\/\/greemexico.mx\/dev-builder\/wp-content\/uploads\/Screenshot-2024-04-02-at-7.21.22\u202fPM-600x184.png 600w\" sizes=\"(max-width: 706px) 100vw, 706px\"><\/div>\n\t<\/div><\/figure>\n\n<\/div>\n<\/div><\/div><\/div>\n<\/section><\/div>","protected":false},"excerpt":{"rendered":"<p>POL\u00cdTICAS DE GARANT\u00cdA El servicio de garant\u00eda solo podr\u00e1 ser efectuado por nuestros Centros de Servicio y\/o T\u00e9cnicos Autorizados, siempre y cuando los productos GREE, UA o UA HVAC SYSTEMS hayan sido comercializados por Dragon Trade de M\u00e9xico S.A. de C.V. o sus Distribuidores Autorizados dentro de la Rep\u00fablica Mexicana, y bajo la condici\u00f3n de [&hellip;]<\/p>\n","protected":false},"author":1,"featured_media":0,"parent":0,"menu_order":0,"comment_status":"closed","ping_status":"closed","template":"","meta":{"_acf_changed":false,"_breakdance_hide_in_design_set":false,"_breakdance_tags":"","footnotes":""},"acf":[],"_links":{"self":[{"href":"https:\/\/greemexico.mx\/dev-builder\/wp-json\/wp\/v2\/pages\/72"}],"collection":[{"href":"https:\/\/greemexico.mx\/dev-builder\/wp-json\/wp\/v2\/pages"}],"about":[{"href":"https:\/\/greemexico.mx\/dev-builder\/wp-json\/wp\/v2\/types\/page"}],"author":[{"embeddable":true,"href":"https:\/\/greemexico.mx\/dev-builder\/wp-json\/wp\/v2\/users\/1"}],"replies":[{"embeddable":true,"href":"https:\/\/greemexico.mx\/dev-builder\/wp-json\/wp\/v2\/comments?post=72"}],"version-history":[{"count":1,"href":"https:\/\/greemexico.mx\/dev-builder\/wp-json\/wp\/v2\/pages\/72\/revisions"}],"predecessor-version":[{"id":5602,"href":"https:\/\/greemexico.mx\/dev-builder\/wp-json\/wp\/v2\/pages\/72\/revisions\/5602"}],"wp:attachment":[{"href":"https:\/\/greemexico.mx\/dev-builder\/wp-json\/wp\/v2\/media?parent=72"}],"curies":[{"name":"wp","href":"https:\/\/api.w.org\/{rel}","templated":true}]}}