{"id":1765,"date":"2022-11-04T14:40:21","date_gmt":"2022-11-04T21:40:21","guid":{"rendered":"https:\/\/greemexico.mx\/dev-builder\/?page_id=1765"},"modified":"2026-03-03T16:42:02","modified_gmt":"2026-03-04T00:42:02","slug":"garantias","status":"publish","type":"page","link":"https:\/\/greemexico.mx\/dev-builder\/garantias\/","title":{"rendered":"Garant\u00edas"},"content":{"rendered":"<div class='breakdance'><section class=\"bde-section-1765-100 bde-section\">\n  \n\t\n\n\n\n<div class=\"section-container\"><h1 class=\"bde-heading-1765-102 bde-heading\">\nGARANT\u00cdAS \n<\/h1><h2 class=\"bde-heading-1765-101 bde-heading\">\nTRANQUILIDAD GARANTIZADA\n<\/h2><\/div>\n<\/section><section class=\"bde-section-1765-103 bde-section\">\n  \n\t\n\n\n\n<div class=\"section-container\"><h3 class=\"bde-heading-1765-104 bde-heading\">\nGARANT\u00cdA GREE\n<\/h3><div class=\"bde-image-1765-105 bde-image\">\n<figure class=\"breakdance-image breakdance-image--1957\">\n\t<div class=\"breakdance-image-container\">\n\t\t<div class=\"breakdance-image-clip\"><img loading=\"lazy\" decoding=\"async\" class=\"breakdance-image-object\" src=\"https:\/\/greemexico.mx\/dev-builder\/wp-content\/uploads\/separador-azul.svg\" width=\"0\" height=\"0\"><\/div>\n\t<\/div><\/figure>\n\n<\/div><div class=\"bde-rich-text-1765-106 bde-rich-text breakdance-rich-text-styles\">\n<div class=\"vc_row wpb_row vc_row-fluid vc_custom_1671486498031 amz-remove-margin\">\n<div class=\"container\">\n<div class=\"vc_row vc_row-fluid \">\n<div class=\"wpb_column vc_column_container vc_col-sm-12\">\n<div class=\"vc_column-inner \">\n<div class=\"wpb_wrapper\">\n<div class=\"wpb_text_column wpb_content_element  subtitulo_poliza\">\n<div class=\"wpb_wrapper\">\n<p style=\"text-align: center;\">Los Minisplit GREE cuentan con una\u00a0<strong>Garant\u00eda Extendida de\u00a0hasta 10 a\u00f1os en su compresor.<\/strong> Tenemos con un amplio inventario de piezas de repuesto para todos los modelos y contamos con un equipo t\u00e9cnico capacitado, listo para brindar asistencia con el dise\u00f1o, servicio y el soporte posventa. Para obtener m\u00e1s informaci\u00f3n, consulte las <span style=\"color: #0133a1;\"><a style=\"color: #0133a1;\" href=\"https:\/\/greemexico.mx\/dev-builder\/politicas-de-garantia\/\">Pol\u00edticas de garant\u00eda.<\/a><\/span><\/p>\n<\/div>\n<\/div>\n<\/div>\n<\/div>\n<\/div>\n<\/div>\n<\/div>\n<\/div>\n<\/div><div class=\"bde-columns-1765-107 bde-columns\"><div class=\"bde-column-1765-108 bde-column\">\n  \n\t\n\n\n\n<div class=\"bde-image-box-1765-110 bde-image-box\">\n<div class=\"ee-imagebox-image\">\n  <img loading=\"lazy\" decoding=\"async\" class=\"breakdance-image-object\" src=\"https:\/\/greemexico.mx\/dev-builder\/wp-content\/uploads\/registro_equipos_small.png\" width=\"1023\" height=\"500\" srcset=\"https:\/\/greemexico.mx\/dev-builder\/wp-content\/uploads\/registro_equipos_small.png 1023w, https:\/\/greemexico.mx\/dev-builder\/wp-content\/uploads\/registro_equipos_small-300x147.png 300w, https:\/\/greemexico.mx\/dev-builder\/wp-content\/uploads\/registro_equipos_small-150x73.png 150w, https:\/\/greemexico.mx\/dev-builder\/wp-content\/uploads\/registro_equipos_small-768x375.png 768w, https:\/\/greemexico.mx\/dev-builder\/wp-content\/uploads\/registro_equipos_small-600x293.png 600w\" sizes=\"(max-width: 1023px) 100vw, 1023px\">\n<\/div>\n<div class=\"ee-imagebox-content\">\n      <p class=\"ee-imagebox-title bde-h3\" >REGISTRE AQU\u00cd<br>SU MINISPLIT GREE<\/p>\n    \n      <div class=\"ee-imagebox-text\" >Felicitaciones por la compra de su Minisplit GREE. Complete el registro del minisplit para obtener la garant\u00eda extendida:<\/div>\n    \n          \n                                    \n    \n    \n    \n    \n            \n                    \n            \n            \n\n    \n    \n    \n    \n    \n    <a class=\"breakdance-link button-atom button-atom--primary ee-imagebox-button\" href=\"https:\/\/greemexico.mx\/dev-builder\/registrar-producto\/\" target=\"_self\" data-type=\"url\"  >\n\n    \n        <span class=\"button-atom__text\">REGISTRAR MINISPLIT<\/span>\n\n        \n        \n                <\/a>\n\n    \n\n  <\/div>\n\n<\/div>\n<\/div><div class=\"bde-column-1765-109 bde-column\">\n  \n\t\n\n\n\n<div class=\"bde-image-box-1765-111 bde-image-box\">\n<div class=\"ee-imagebox-image\">\n  <img loading=\"lazy\" decoding=\"async\" class=\"breakdance-image-object\" src=\"https:\/\/greemexico.mx\/dev-builder\/wp-content\/uploads\/reporte_garantias_small.png\" width=\"1024\" height=\"500\" srcset=\"https:\/\/greemexico.mx\/dev-builder\/wp-content\/uploads\/reporte_garantias_small.png 1024w, https:\/\/greemexico.mx\/dev-builder\/wp-content\/uploads\/reporte_garantias_small-300x146.png 300w, https:\/\/greemexico.mx\/dev-builder\/wp-content\/uploads\/reporte_garantias_small-150x73.png 150w, https:\/\/greemexico.mx\/dev-builder\/wp-content\/uploads\/reporte_garantias_small-768x375.png 768w, https:\/\/greemexico.mx\/dev-builder\/wp-content\/uploads\/reporte_garantias_small-600x293.png 600w\" sizes=\"(max-width: 1024px) 100vw, 1024px\">\n<\/div>\n<div class=\"ee-imagebox-content\">\n      <p class=\"ee-imagebox-title bde-h3\" >REALIZAR UN REPORTE<br>DE GARANT\u00cdA GREE<\/p>\n    \n      <div class=\"ee-imagebox-text\" >Aseg\u00farese de proporcionar detalles personales, del producto y descripci\u00f3n del problema, Le ayudaremos lo antes posible:<\/div>\n    \n          \n                                    \n    \n    \n    \n    \n            \n                    \n            \n            \n\n    \n    \n    \n    \n    \n    <a class=\"breakdance-link button-atom button-atom--primary ee-imagebox-button\" href=\"https:\/\/greemexico.mx\/dev-builder\/garantia\/\" target=\"_self\" data-type=\"url\"  >\n\n    \n        <span class=\"button-atom__text\">REPORTAR GARANT\u00cdA<\/span>\n\n        \n        \n                <\/a>\n\n    \n\n  <\/div>\n\n<\/div>\n<\/div><\/div><\/div>\n<\/section><section class=\"bde-section-1765-138 bde-section\">\n  \n\t\n\n\n\n<div class=\"section-container\"><h3 class=\"bde-heading-1765-139 bde-heading\">\nGARANT\u00cdA UA\n<\/h3><div class=\"bde-image-1765-140 bde-image\">\n<figure class=\"breakdance-image breakdance-image--1957\">\n\t<div class=\"breakdance-image-container\">\n\t\t<div class=\"breakdance-image-clip\"><img loading=\"lazy\" decoding=\"async\" class=\"breakdance-image-object\" src=\"https:\/\/greemexico.mx\/dev-builder\/wp-content\/uploads\/separador-azul.svg\" width=\"0\" height=\"0\"><\/div>\n\t<\/div><\/figure>\n\n<\/div><div class=\"bde-rich-text-1765-141 bde-rich-text breakdance-rich-text-styles\">\n<div class=\"vc_row wpb_row vc_row-fluid vc_custom_1671486498031 amz-remove-margin\">\n<div class=\"container\">\n<div class=\"vc_row vc_row-fluid \">\n<div class=\"wpb_column vc_column_container vc_col-sm-12\">\n<div class=\"vc_column-inner \">\n<div class=\"wpb_wrapper\">\n<div class=\"wpb_text_column wpb_content_element  subtitulo_poliza\">\n<div class=\"wpb_wrapper\">\n<p>Los Minisplit<strong> UA<\/strong> cuentan con una <strong>Garant\u00eda Extendida de\u00a0hasta 10 a\u00f1os en su compresor.<\/strong>\u00a0Tenemos con un amplio inventario de piezas de repuesto para todos los modelos y contamos con un equipo t\u00e9cnico capacitado, listo para brindar asistencia con el dise\u00f1o, servicio y el soporte posventa. Para obtener m\u00e1s informaci\u00f3n, consulte las\u00a0<a href=\"https:\/\/www.unitedappliances.com\/politicas-de-garantia\/\">Pol\u00edticas <span style=\"color: #0133a1;\">de<\/span> garant\u00eda.<\/a><\/p>\n<\/div>\n<\/div>\n<\/div>\n<\/div>\n<\/div>\n<\/div>\n<\/div>\n<\/div>\n<\/div><div class=\"bde-columns-1765-142 bde-columns\"><div class=\"bde-column-1765-143 bde-column\">\n  \n\t\n\n\n\n<div class=\"bde-image-box-1765-144 bde-image-box\">\n<div class=\"ee-imagebox-image\">\n  <img loading=\"lazy\" decoding=\"async\" class=\"breakdance-image-object\" src=\"https:\/\/greemexico.mx\/dev-builder\/wp-content\/uploads\/1234234.jpg\" width=\"1024\" height=\"500\" srcset=\"https:\/\/greemexico.mx\/dev-builder\/wp-content\/uploads\/1234234.jpg 1024w, https:\/\/greemexico.mx\/dev-builder\/wp-content\/uploads\/1234234-300x146.jpg 300w, https:\/\/greemexico.mx\/dev-builder\/wp-content\/uploads\/1234234-150x73.jpg 150w, https:\/\/greemexico.mx\/dev-builder\/wp-content\/uploads\/1234234-768x375.jpg 768w, https:\/\/greemexico.mx\/dev-builder\/wp-content\/uploads\/1234234-600x293.jpg 600w\" sizes=\"(max-width: 1024px) 100vw, 1024px\">\n<\/div>\n<div class=\"ee-imagebox-content\">\n      <p class=\"ee-imagebox-title bde-h3\" >REGISTRE AQU\u00cd  <br>SU MINISPLIT UA<\/p>\n    \n      <div class=\"ee-imagebox-text\" >Felicitaciones por la compra de su Minisplit UA. Complete el registro del minisplit para obtener la garant\u00eda extendida:<\/div>\n    \n          \n                                    \n    \n    \n    \n    \n            \n                    \n            \n            \n\n    \n    \n    \n    \n    \n    <a class=\"breakdance-link button-atom button-atom--primary ee-imagebox-button\" href=\"https:\/\/www.unitedappliances.com\/registro-de-equipos\/\" target=\"_self\" data-type=\"url\"  >\n\n    \n        <span class=\"button-atom__text\">REGISTRAR MINISPLIT<\/span>\n\n        \n        \n                <\/a>\n\n    \n\n  <\/div>\n\n<\/div>\n<\/div><div class=\"bde-column-1765-145 bde-column\">\n  \n\t\n\n\n\n<div class=\"bde-image-box-1765-146 bde-image-box\">\n<div class=\"ee-imagebox-image\">\n  <img loading=\"lazy\" decoding=\"async\" class=\"breakdance-image-object\" src=\"https:\/\/greemexico.mx\/dev-builder\/wp-content\/uploads\/1253.jpg\" width=\"1024\" height=\"500\" srcset=\"https:\/\/greemexico.mx\/dev-builder\/wp-content\/uploads\/1253.jpg 1024w, https:\/\/greemexico.mx\/dev-builder\/wp-content\/uploads\/1253-300x146.jpg 300w, https:\/\/greemexico.mx\/dev-builder\/wp-content\/uploads\/1253-150x73.jpg 150w, https:\/\/greemexico.mx\/dev-builder\/wp-content\/uploads\/1253-768x375.jpg 768w, https:\/\/greemexico.mx\/dev-builder\/wp-content\/uploads\/1253-600x293.jpg 600w\" sizes=\"(max-width: 1024px) 100vw, 1024px\">\n<\/div>\n<div class=\"ee-imagebox-content\">\n      <p class=\"ee-imagebox-title bde-h3\" >REALIZAR UN REPORTE<br>DE GARANT\u00cdA UA<\/p>\n    \n      <div class=\"ee-imagebox-text\" >Aseg\u00farese de proporcionar detalles personales, del producto y descripci\u00f3n del problema, Le ayudaremos lo antes posible:<\/div>\n    \n          \n                                    \n    \n    \n    \n    \n            \n                    \n            \n            \n\n    \n    \n    \n    \n    \n    <a class=\"breakdance-link button-atom button-atom--primary ee-imagebox-button\" href=\"https:\/\/www.unitedappliances.com\/reporte-de-garantias\/\" target=\"_self\" data-type=\"url\"  >\n\n    \n        <span class=\"button-atom__text\">REPORTAR GARANT\u00cdA<\/span>\n\n        \n        \n                <\/a>\n\n    \n\n  <\/div>\n\n<\/div>\n<\/div><\/div><\/div>\n<\/section><section class=\"bde-section-1765-121 bde-section\">\n  \n\t\n\n\n\n<div class=\"section-container\"><div class=\"bde-columns-1765-122 bde-columns\"><div class=\"bde-column-1765-123 bde-column\">\n  \n\t\n\n\n\n<div class=\"bde-image-1765-125 bde-image\">\n<figure class=\"breakdance-image breakdance-image--466\">\n\t<div class=\"breakdance-image-container\">\n\t\t<div class=\"breakdance-image-clip\"><img loading=\"lazy\" decoding=\"async\" class=\"breakdance-image-object\" src=\"https:\/\/greemexico.mx\/dev-builder\/wp-content\/uploads\/2022\/02\/img-soportetecnico-1.png\" width=\"340\" height=\"734\" srcset=\"https:\/\/greemexico.mx\/dev-builder\/wp-content\/uploads\/2022\/02\/img-soportetecnico-1.png 340w, https:\/\/greemexico.mx\/dev-builder\/wp-content\/uploads\/2022\/02\/img-soportetecnico-1-139x300.png 139w\" sizes=\"(max-width: 340px) 100vw, 340px\"><\/div>\n\t<\/div><\/figure>\n\n<\/div>\n<\/div><div class=\"bde-column-1765-124 bde-column\">\n  \n\t\n\n\n\n<h2 class=\"bde-heading-1765-126 bde-heading\">\n\u00bfNO SE HA RESUELTO<br>TU PROBLEMA?\n<\/h2><h3 class=\"bde-heading-1765-128 bde-heading\">\nNOSOTROS TE AYUDAMOS\n<\/h3><div class=\"bde-button-1765-127 bde-button\">\n    \n                                    \n    \n    \n    \n    \n            \n                    \n            \n            \n\n    \n    \n    \n    \n    \n    <a class=\"breakdance-link button-atom button-atom--custom bde-button__button\" href=\"https:\/\/greemexico.mx\/dev-builder\/contacto\/\" target=\"_self\" data-type=\"url\"  >\n\n    \n        <span class=\"button-atom__text\">CONT\u00c1CTANOS<\/span>\n\n        \n        \n                <\/a>\n\n    \n\n\n<\/div>\n<\/div><\/div><\/div>\n<\/section><\/div>","protected":false},"excerpt":{"rendered":"<p>GARANT\u00cdAS TRANQUILIDAD GARANTIZADA GARANT\u00cdA GREE Los Minisplit GREE cuentan con una\u00a0Garant\u00eda Extendida de\u00a0hasta 10 a\u00f1os en su compresor. Tenemos con un amplio inventario de piezas de repuesto para todos los modelos y contamos con un equipo t\u00e9cnico capacitado, listo para brindar asistencia con el dise\u00f1o, servicio y el soporte posventa. Para obtener m\u00e1s informaci\u00f3n, consulte [&hellip;]<\/p>\n","protected":false},"author":1,"featured_media":0,"parent":0,"menu_order":0,"comment_status":"closed","ping_status":"closed","template":"","meta":{"_acf_changed":false,"_breakdance_hide_in_design_set":false,"_breakdance_tags":"","footnotes":""},"acf":[],"_links":{"self":[{"href":"https:\/\/greemexico.mx\/dev-builder\/wp-json\/wp\/v2\/pages\/1765"}],"collection":[{"href":"https:\/\/greemexico.mx\/dev-builder\/wp-json\/wp\/v2\/pages"}],"about":[{"href":"https:\/\/greemexico.mx\/dev-builder\/wp-json\/wp\/v2\/types\/page"}],"author":[{"embeddable":true,"href":"https:\/\/greemexico.mx\/dev-builder\/wp-json\/wp\/v2\/users\/1"}],"replies":[{"embeddable":true,"href":"https:\/\/greemexico.mx\/dev-builder\/wp-json\/wp\/v2\/comments?post=1765"}],"version-history":[{"count":17,"href":"https:\/\/greemexico.mx\/dev-builder\/wp-json\/wp\/v2\/pages\/1765\/revisions"}],"predecessor-version":[{"id":5916,"href":"https:\/\/greemexico.mx\/dev-builder\/wp-json\/wp\/v2\/pages\/1765\/revisions\/5916"}],"wp:attachment":[{"href":"https:\/\/greemexico.mx\/dev-builder\/wp-json\/wp\/v2\/media?parent=1765"}],"curies":[{"name":"wp","href":"https:\/\/api.w.org\/{rel}","templated":true}]}}